{"id":899,"date":"2021-12-07T11:49:00","date_gmt":"2021-12-07T10:49:00","guid":{"rendered":"https:\/\/von-buhl.de\/events\/"},"modified":"2026-03-19T14:55:49","modified_gmt":"2026-03-19T13:55:49","slug":"events","status":"publish","type":"page","link":"https:\/\/von-buhl.de\/en\/events\/","title":{"rendered":"Events"},"content":{"rendered":"","protected":false},"excerpt":{"rendered":"","protected":false},"author":1,"featured_media":0,"parent":0,"menu_order":0,"comment_status":"closed","ping_status":"closed","template":"templates\/events.php","meta":{"_acf_changed":false,"footnotes":""},"class_list":["post-899","page","type-page","status-publish","hentry"],"acf":[],"yoast_head":"<!-- This site is optimized with the Yoast SEO plugin v27.3 - https:\/\/yoast.com\/product\/yoast-seo-wordpress\/ -->\n<title>Weingut Reichsrat von Buhl | Events<\/title>\n<meta name=\"description\" content=\"Das Weingut Reichsrat von Buhl befindet sich seit \u00fcber 150 Jahren in Familienbesitz und z\u00e4hlt zu den renommiertesten Weing\u00fctern Deutschlands.\" \/>\n<meta name=\"robots\" content=\"index, follow, max-snippet:-1, max-image-preview:large, max-video-preview:-1\" \/>\n<link rel=\"canonical\" href=\"https:\/\/von-buhl.de\/en\/events\/\" \/>\n<meta property=\"og:locale\" content=\"en_US\" \/>\n<meta property=\"og:type\" content=\"article\" \/>\n<meta property=\"og:title\" content=\"Weingut Reichsrat von Buhl | Events\" \/>\n<meta property=\"og:description\" content=\"Das Weingut Reichsrat von Buhl befindet sich seit \u00fcber 150 Jahren in Familienbesitz und z\u00e4hlt zu den renommiertesten Weing\u00fctern Deutschlands.\" \/>\n<meta property=\"og:url\" content=\"https:\/\/von-buhl.de\/en\/events\/\" \/>\n<meta property=\"og:site_name\" content=\"Weingut Reichsrat von Buhl\" \/>\n<meta property=\"article:publisher\" content=\"https:\/\/www.facebook.com\/WeingutReichsratVonBuhl\" \/>\n<meta property=\"article:modified_time\" content=\"2026-03-19T13:55:49+00:00\" \/>\n<meta name=\"twitter:card\" content=\"summary_large_image\" \/>\n<script type=\"application\/ld+json\" class=\"yoast-schema-graph\">{\"@context\":\"https:\\\/\\\/schema.org\",\"@graph\":[{\"@type\":\"Article\",\"@id\":\"https:\\\/\\\/von-buhl.de\\\/en\\\/events\\\/#article\",\"isPartOf\":{\"@id\":\"https:\\\/\\\/von-buhl.de\\\/en\\\/events\\\/\"},\"author\":{\"name\":\"paul.schmidt\",\"@id\":\"https:\\\/\\\/von-buhl.de\\\/#\\\/schema\\\/person\\\/f87e1ba401e19d228e3bd8b346c63702\"},\"headline\":\"Events\",\"datePublished\":\"2021-12-07T10:49:00+00:00\",\"dateModified\":\"2026-03-19T13:55:49+00:00\",\"mainEntityOfPage\":{\"@id\":\"https:\\\/\\\/von-buhl.de\\\/en\\\/events\\\/\"},\"wordCount\":1,\"publisher\":{\"@id\":\"https:\\\/\\\/von-buhl.de\\\/#organization\"},\"inLanguage\":\"en-US\"},{\"@type\":\"WebPage\",\"@id\":\"https:\\\/\\\/von-buhl.de\\\/en\\\/events\\\/\",\"url\":\"https:\\\/\\\/von-buhl.de\\\/en\\\/events\\\/\",\"name\":\"Weingut Reichsrat von Buhl | Events\",\"isPartOf\":{\"@id\":\"https:\\\/\\\/von-buhl.de\\\/#website\"},\"datePublished\":\"2021-12-07T10:49:00+00:00\",\"dateModified\":\"2026-03-19T13:55:49+00:00\",\"description\":\"Das Weingut Reichsrat von Buhl befindet sich seit \u00fcber 150 Jahren in Familienbesitz und z\u00e4hlt zu den renommiertesten Weing\u00fctern Deutschlands.\",\"breadcrumb\":{\"@id\":\"https:\\\/\\\/von-buhl.de\\\/en\\\/events\\\/#breadcrumb\"},\"inLanguage\":\"en-US\",\"potentialAction\":[{\"@type\":\"ReadAction\",\"target\":[\"https:\\\/\\\/von-buhl.de\\\/en\\\/events\\\/\"]}]},{\"@type\":\"BreadcrumbList\",\"@id\":\"https:\\\/\\\/von-buhl.de\\\/en\\\/events\\\/#breadcrumb\",\"itemListElement\":[{\"@type\":\"ListItem\",\"position\":1,\"name\":\"Startseite\",\"item\":\"https:\\\/\\\/von-buhl.de\\\/en\\\/\"},{\"@type\":\"ListItem\",\"position\":2,\"name\":\"Events\"}]},{\"@type\":\"WebSite\",\"@id\":\"https:\\\/\\\/von-buhl.de\\\/#website\",\"url\":\"https:\\\/\\\/von-buhl.de\\\/\",\"name\":\"Weingut Reichsrat von Buhl\",\"description\":\"Wein aus Deutschlands besten Lagen\",\"publisher\":{\"@id\":\"https:\\\/\\\/von-buhl.de\\\/#organization\"},\"potentialAction\":[{\"@type\":\"SearchAction\",\"target\":{\"@type\":\"EntryPoint\",\"urlTemplate\":\"https:\\\/\\\/von-buhl.de\\\/?s={search_term_string}\"},\"query-input\":{\"@type\":\"PropertyValueSpecification\",\"valueRequired\":true,\"valueName\":\"search_term_string\"}}],\"inLanguage\":\"en-US\"},{\"@type\":\"Organization\",\"@id\":\"https:\\\/\\\/von-buhl.de\\\/#organization\",\"name\":\"Weingut Reichsrat von Buhl\",\"url\":\"https:\\\/\\\/von-buhl.de\\\/\",\"logo\":{\"@type\":\"ImageObject\",\"inLanguage\":\"en-US\",\"@id\":\"https:\\\/\\\/von-buhl.de\\\/#\\\/schema\\\/logo\\\/image\\\/\",\"url\":\"https:\\\/\\\/von-buhl.de\\\/wp-content\\\/uploads\\\/2022\\\/01\\\/RvB-weiss.png\",\"contentUrl\":\"https:\\\/\\\/von-buhl.de\\\/wp-content\\\/uploads\\\/2022\\\/01\\\/RvB-weiss.png\",\"width\":1000,\"height\":628,\"caption\":\"Weingut Reichsrat von Buhl\"},\"image\":{\"@id\":\"https:\\\/\\\/von-buhl.de\\\/#\\\/schema\\\/logo\\\/image\\\/\"},\"sameAs\":[\"https:\\\/\\\/www.facebook.com\\\/WeingutReichsratVonBuhl\",\"https:\\\/\\\/www.instagram.com\\\/reichsratvonbuhl\\\/\",\"https:\\\/\\\/de.wikipedia.org\\\/wiki\\\/Weingut_Reichsrat_von_Buhl\"]},{\"@type\":\"Person\",\"@id\":\"https:\\\/\\\/von-buhl.de\\\/#\\\/schema\\\/person\\\/f87e1ba401e19d228e3bd8b346c63702\",\"name\":\"paul.schmidt\",\"sameAs\":[\"https:\\\/\\\/von-buhl.de\\\/\"],\"url\":\"https:\\\/\\\/von-buhl.de\\\/en\\\/author\\\/paul-schmidt\\\/\"}]}<\/script>\n<!-- \/ Yoast SEO plugin. -->","yoast_head_json":{"title":"Weingut Reichsrat von Buhl | Events","description":"Das Weingut Reichsrat von Buhl befindet sich seit \u00fcber 150 Jahren in Familienbesitz und z\u00e4hlt zu den renommiertesten Weing\u00fctern Deutschlands.","robots":{"index":"index","follow":"follow","max-snippet":"max-snippet:-1","max-image-preview":"max-image-preview:large","max-video-preview":"max-video-preview:-1"},"canonical":"https:\/\/von-buhl.de\/en\/events\/","og_locale":"en_US","og_type":"article","og_title":"Weingut Reichsrat von Buhl | Events","og_description":"Das Weingut Reichsrat von Buhl befindet sich seit \u00fcber 150 Jahren in Familienbesitz und z\u00e4hlt zu den renommiertesten Weing\u00fctern Deutschlands.","og_url":"https:\/\/von-buhl.de\/en\/events\/","og_site_name":"Weingut Reichsrat von Buhl","article_publisher":"https:\/\/www.facebook.com\/WeingutReichsratVonBuhl","article_modified_time":"2026-03-19T13:55:49+00:00","twitter_card":"summary_large_image","schema":{"@context":"https:\/\/schema.org","@graph":[{"@type":"Article","@id":"https:\/\/von-buhl.de\/en\/events\/#article","isPartOf":{"@id":"https:\/\/von-buhl.de\/en\/events\/"},"author":{"name":"paul.schmidt","@id":"https:\/\/von-buhl.de\/#\/schema\/person\/f87e1ba401e19d228e3bd8b346c63702"},"headline":"Events","datePublished":"2021-12-07T10:49:00+00:00","dateModified":"2026-03-19T13:55:49+00:00","mainEntityOfPage":{"@id":"https:\/\/von-buhl.de\/en\/events\/"},"wordCount":1,"publisher":{"@id":"https:\/\/von-buhl.de\/#organization"},"inLanguage":"en-US"},{"@type":"WebPage","@id":"https:\/\/von-buhl.de\/en\/events\/","url":"https:\/\/von-buhl.de\/en\/events\/","name":"Weingut Reichsrat von Buhl | Events","isPartOf":{"@id":"https:\/\/von-buhl.de\/#website"},"datePublished":"2021-12-07T10:49:00+00:00","dateModified":"2026-03-19T13:55:49+00:00","description":"Das Weingut Reichsrat von Buhl befindet sich seit \u00fcber 150 Jahren in Familienbesitz und z\u00e4hlt zu den renommiertesten Weing\u00fctern Deutschlands.","breadcrumb":{"@id":"https:\/\/von-buhl.de\/en\/events\/#breadcrumb"},"inLanguage":"en-US","potentialAction":[{"@type":"ReadAction","target":["https:\/\/von-buhl.de\/en\/events\/"]}]},{"@type":"BreadcrumbList","@id":"https:\/\/von-buhl.de\/en\/events\/#breadcrumb","itemListElement":[{"@type":"ListItem","position":1,"name":"Startseite","item":"https:\/\/von-buhl.de\/en\/"},{"@type":"ListItem","position":2,"name":"Events"}]},{"@type":"WebSite","@id":"https:\/\/von-buhl.de\/#website","url":"https:\/\/von-buhl.de\/","name":"Weingut Reichsrat von Buhl","description":"Wein aus Deutschlands besten Lagen","publisher":{"@id":"https:\/\/von-buhl.de\/#organization"},"potentialAction":[{"@type":"SearchAction","target":{"@type":"EntryPoint","urlTemplate":"https:\/\/von-buhl.de\/?s={search_term_string}"},"query-input":{"@type":"PropertyValueSpecification","valueRequired":true,"valueName":"search_term_string"}}],"inLanguage":"en-US"},{"@type":"Organization","@id":"https:\/\/von-buhl.de\/#organization","name":"Weingut Reichsrat von Buhl","url":"https:\/\/von-buhl.de\/","logo":{"@type":"ImageObject","inLanguage":"en-US","@id":"https:\/\/von-buhl.de\/#\/schema\/logo\/image\/","url":"https:\/\/von-buhl.de\/wp-content\/uploads\/2022\/01\/RvB-weiss.png","contentUrl":"https:\/\/von-buhl.de\/wp-content\/uploads\/2022\/01\/RvB-weiss.png","width":1000,"height":628,"caption":"Weingut Reichsrat von Buhl"},"image":{"@id":"https:\/\/von-buhl.de\/#\/schema\/logo\/image\/"},"sameAs":["https:\/\/www.facebook.com\/WeingutReichsratVonBuhl","https:\/\/www.instagram.com\/reichsratvonbuhl\/","https:\/\/de.wikipedia.org\/wiki\/Weingut_Reichsrat_von_Buhl"]},{"@type":"Person","@id":"https:\/\/von-buhl.de\/#\/schema\/person\/f87e1ba401e19d228e3bd8b346c63702","name":"paul.schmidt","sameAs":["https:\/\/von-buhl.de\/"],"url":"https:\/\/von-buhl.de\/en\/author\/paul-schmidt\/"}]}},"_links":{"self":[{"href":"https:\/\/von-buhl.de\/en\/wp-json\/wp\/v2\/pages\/899","targetHints":{"allow":["GET"]}}],"collection":[{"href":"https:\/\/von-buhl.de\/en\/wp-json\/wp\/v2\/pages"}],"about":[{"href":"https:\/\/von-buhl.de\/en\/wp-json\/wp\/v2\/types\/page"}],"author":[{"embeddable":true,"href":"https:\/\/von-buhl.de\/en\/wp-json\/wp\/v2\/users\/1"}],"replies":[{"embeddable":true,"href":"https:\/\/von-buhl.de\/en\/wp-json\/wp\/v2\/comments?post=899"}],"version-history":[{"count":8,"href":"https:\/\/von-buhl.de\/en\/wp-json\/wp\/v2\/pages\/899\/revisions"}],"predecessor-version":[{"id":27392,"href":"https:\/\/von-buhl.de\/en\/wp-json\/wp\/v2\/pages\/899\/revisions\/27392"}],"wp:attachment":[{"href":"https:\/\/von-buhl.de\/en\/wp-json\/wp\/v2\/media?parent=899"}],"curies":[{"name":"wp","href":"https:\/\/api.w.org\/{rel}","templated":true}]}}

<!-- This site is optimized with the Yoast SEO plugin v27.3 - https://yoast.com/product/yoast-seo-wordpress/ -->
<title>Weingut Reichsrat von Buhl | Events</title>
<meta name="description" content="Das Weingut Reichsrat von Buhl befindet sich seit über 150 Jahren in Familienbesitz und zählt zu den renommiertesten Weingütern Deutschlands." />
<meta name="robots" content="index, follow, max-snippet:-1, max-image-preview:large, max-video-preview:-1" />
<link rel="canonical" href="https://von-buhl.de/en/events/" />
<meta property="og:locale" content="en_US" />
<meta property="og:type" content="article" />
<meta property="og:title" content="Weingut Reichsrat von Buhl | Events" />
<meta property="og:description" content="Das Weingut Reichsrat von Buhl befindet sich seit über 150 Jahren in Familienbesitz und zählt zu den renommiertesten Weingütern Deutschlands." />
<meta property="og:url" content="https://von-buhl.de/en/events/" />
<meta property="og:site_name" content="Weingut Reichsrat von Buhl" />
<meta property="article:publisher" content="https://www.facebook.com/WeingutReichsratVonBuhl" />
<meta property="article:modified_time" content="2026-03-19T13:55:49+00:00" />
<meta name="twitter:card" content="summary_large_image" />
<script type="application/ld+json" class="yoast-schema-graph">{"@context":"https:\/\/schema.org","@graph":[{"@type":"Article","@id":"https:\/\/von-buhl.de\/en\/events\/#article","isPartOf":{"@id":"https:\/\/von-buhl.de\/en\/events\/"},"author":{"name":"paul.schmidt","@id":"https:\/\/von-buhl.de\/#\/schema\/person\/f87e1ba401e19d228e3bd8b346c63702"},"headline":"Events","datePublished":"2021-12-07T10:49:00+00:00","dateModified":"2026-03-19T13:55:49+00:00","mainEntityOfPage":{"@id":"https:\/\/von-buhl.de\/en\/events\/"},"wordCount":1,"publisher":{"@id":"https:\/\/von-buhl.de\/#organization"},"inLanguage":"en-US"},{"@type":"WebPage","@id":"https:\/\/von-buhl.de\/en\/events\/","url":"https:\/\/von-buhl.de\/en\/events\/","name":"Weingut Reichsrat von Buhl | Events","isPartOf":{"@id":"https:\/\/von-buhl.de\/#website"},"datePublished":"2021-12-07T10:49:00+00:00","dateModified":"2026-03-19T13:55:49+00:00","description":"Das Weingut Reichsrat von Buhl befindet sich seit über 150 Jahren in Familienbesitz und zählt zu den renommiertesten Weingütern Deutschlands.","breadcrumb":{"@id":"https:\/\/von-buhl.de\/en\/events\/#breadcrumb"},"inLanguage":"en-US","potentialAction":[{"@type":"ReadAction","target":["https:\/\/von-buhl.de\/en\/events\/"]}]},{"@type":"BreadcrumbList","@id":"https:\/\/von-buhl.de\/en\/events\/#breadcrumb","itemListElement":[{"@type":"ListItem","position":1,"name":"Startseite","item":"https:\/\/von-buhl.de\/en\/"},{"@type":"ListItem","position":2,"name":"Events"}]},{"@type":"WebSite","@id":"https:\/\/von-buhl.de\/#website","url":"https:\/\/von-buhl.de\/","name":"Weingut Reichsrat von Buhl","description":"Wein aus Deutschlands besten Lagen","publisher":{"@id":"https:\/\/von-buhl.de\/#organization"},"potentialAction":[{"@type":"SearchAction","target":{"@type":"EntryPoint","urlTemplate":"https:\/\/von-buhl.de\/?s={search_term_string}"},"query-input":{"@type":"PropertyValueSpecification","valueRequired":true,"valueName":"search_term_string"}}],"inLanguage":"en-US"},{"@type":"Organization","@id":"https:\/\/von-buhl.de\/#organization","name":"Weingut Reichsrat von Buhl","url":"https:\/\/von-buhl.de\/","logo":{"@type":"ImageObject","inLanguage":"en-US","@id":"https:\/\/von-buhl.de\/#\/schema\/logo\/image\/","url":"https:\/\/von-buhl.de\/wp-content\/uploads\/2022\/01\/RvB-weiss.png","contentUrl":"https:\/\/von-buhl.de\/wp-content\/uploads\/2022\/01\/RvB-weiss.png","width":1000,"height":628,"caption":"Weingut Reichsrat von Buhl"},"image":{"@id":"https:\/\/von-buhl.de\/#\/schema\/logo\/image\/"},"sameAs":["https:\/\/www.facebook.com\/WeingutReichsratVonBuhl","https:\/\/www.instagram.com\/reichsratvonbuhl\/","https:\/\/de.wikipedia.org\/wiki\/Weingut_Reichsrat_von_Buhl"]},{"@type":"Person","@id":"https:\/\/von-buhl.de\/#\/schema\/person\/f87e1ba401e19d228e3bd8b346c63702","name":"paul.schmidt","sameAs":["https:\/\/von-buhl.de\/"],"url":"https:\/\/von-buhl.de\/en\/author\/paul-schmidt\/"}]}</script>
<!-- / Yoast SEO plugin. -->

Das Weingut Reichsrat von Buhl befindet sich seit über 150 Jahren in Familienbesitz und zählt zu den renommiertesten Weingütern Deutschlands.
